{"id":64,"date":"2025-09-22T16:21:56","date_gmt":"2025-09-22T14:21:56","guid":{"rendered":"https:\/\/marclh.fr\/buron-la-gaielle\/?page_id=64"},"modified":"2025-09-22T17:15:05","modified_gmt":"2025-09-22T15:15:05","slug":"contact","status":"publish","type":"page","link":"https:\/\/buron-la-gaielle.marclh.fr\/?page_id=64","title":{"rendered":"Contact"},"content":{"rendered":"\n<p class=\"has-medium-font-size\">Situ\u00e9 sur la commune de Collandres, \u00e0 environ 12 kms au sud de Riom-Es-Montagnes <br>vous pouvez me contacter par mail : lagaielle.collandres@free.fr <br>ou par t\u00e9l\u00e9phone au : 06 95 03 93 15<\/p>\n\n\n\n<figure class=\"wp-block-image size-large\"><img loading=\"lazy\" decoding=\"async\" width=\"1024\" height=\"656\" src=\"https:\/\/marclh.fr\/buron-la-gaielle\/wp-content\/uploads\/2025\/09\/earth-1024x656.jpg\" alt=\"\" class=\"wp-image-108\" srcset=\"https:\/\/buron-la-gaielle.marclh.fr\/wp-content\/uploads\/2025\/09\/earth-1024x656.jpg 1024w, https:\/\/buron-la-gaielle.marclh.fr\/wp-content\/uploads\/2025\/09\/earth-300x192.jpg 300w, https:\/\/buron-la-gaielle.marclh.fr\/wp-content\/uploads\/2025\/09\/earth-768x492.jpg 768w, https:\/\/buron-la-gaielle.marclh.fr\/wp-content\/uploads\/2025\/09\/earth.jpg 1280w\" sizes=\"auto, (max-width: 706px) 89vw, (max-width: 767px) 82vw, 740px\" \/><\/figure>\n\n\n\n<figure class=\"wp-block-image size-full\"><img loading=\"lazy\" decoding=\"async\" width=\"642\" height=\"720\" src=\"https:\/\/marclh.fr\/buron-la-gaielle\/wp-content\/uploads\/2025\/09\/maps.jpg\" alt=\"\" class=\"wp-image-109\" srcset=\"https:\/\/buron-la-gaielle.marclh.fr\/wp-content\/uploads\/2025\/09\/maps.jpg 642w, https:\/\/buron-la-gaielle.marclh.fr\/wp-content\/uploads\/2025\/09\/maps-268x300.jpg 268w\" sizes=\"auto, (max-width: 642px) 100vw, 642px\" \/><\/figure>\n\n\n\n<p class=\"has-text-align-center has-medium-font-size\">Plan d&rsquo;acc\u00e8s au buron par la route<\/p>\n\n\n\n<p><\/p>\n","protected":false},"excerpt":{"rendered":"<p>Situ\u00e9 sur la commune de Collandres, \u00e0 environ 12 kms au sud de Riom-Es-Montagnes vous pouvez me contacter par mail : lagaielle.collandres@free.fr ou par t\u00e9l\u00e9phone au : 06 95 03 93 15 Plan d&rsquo;acc\u00e8s au buron par la route<\/p>\n","protected":false},"author":1,"featured_media":0,"parent":0,"menu_order":0,"comment_status":"closed","ping_status":"closed","template":"","meta":{"footnotes":""},"class_list":["post-64","page","type-page","status-publish","hentry"],"yoast_head":"<!-- This site is optimized with the Yoast SEO plugin v27.4 - https:\/\/yoast.com\/product\/yoast-seo-wordpress\/ -->\n<title>Contact - Buron de la Ga\u00efelle<\/title>\n<meta name=\"robots\" content=\"index, follow, max-snippet:-1, max-image-preview:large, max-video-preview:-1\" \/>\n<link rel=\"canonical\" href=\"https:\/\/buron-la-gaielle.marclh.fr\/?page_id=64\" \/>\n<meta property=\"og:locale\" content=\"fr_FR\" \/>\n<meta property=\"og:type\" content=\"article\" \/>\n<meta property=\"og:title\" content=\"Contact - Buron de la Ga\u00efelle\" \/>\n<meta property=\"og:description\" content=\"Situ\u00e9 sur la commune de Collandres, \u00e0 environ 12 kms au sud de Riom-Es-Montagnes vous pouvez me contacter par mail : lagaielle.collandres@free.fr ou par t\u00e9l\u00e9phone au : 06 95 03 93 15 Plan d&rsquo;acc\u00e8s au buron par la route\" \/>\n<meta property=\"og:url\" content=\"https:\/\/buron-la-gaielle.marclh.fr\/?page_id=64\" \/>\n<meta property=\"og:site_name\" content=\"Buron de la Ga\u00efelle\" \/>\n<meta property=\"article:modified_time\" content=\"2025-09-22T15:15:05+00:00\" \/>\n<meta property=\"og:image\" content=\"https:\/\/marclh.fr\/buron-la-gaielle\/wp-content\/uploads\/2025\/09\/earth-1024x656.jpg\" \/>\n<meta name=\"twitter:card\" content=\"summary_large_image\" \/>\n<script type=\"application\/ld+json\" class=\"yoast-schema-graph\">{\"@context\":\"https:\\\/\\\/schema.org\",\"@graph\":[{\"@type\":\"WebPage\",\"@id\":\"https:\\\/\\\/buron-la-gaielle.marclh.fr\\\/?page_id=64\",\"url\":\"https:\\\/\\\/buron-la-gaielle.marclh.fr\\\/?page_id=64\",\"name\":\"Contact - Buron de la Ga\u00efelle\",\"isPartOf\":{\"@id\":\"https:\\\/\\\/buron-la-gaielle.marclh.fr\\\/#website\"},\"primaryImageOfPage\":{\"@id\":\"https:\\\/\\\/buron-la-gaielle.marclh.fr\\\/?page_id=64#primaryimage\"},\"image\":{\"@id\":\"https:\\\/\\\/buron-la-gaielle.marclh.fr\\\/?page_id=64#primaryimage\"},\"thumbnailUrl\":\"https:\\\/\\\/marclh.fr\\\/buron-la-gaielle\\\/wp-content\\\/uploads\\\/2025\\\/09\\\/earth-1024x656.jpg\",\"datePublished\":\"2025-09-22T14:21:56+00:00\",\"dateModified\":\"2025-09-22T15:15:05+00:00\",\"breadcrumb\":{\"@id\":\"https:\\\/\\\/buron-la-gaielle.marclh.fr\\\/?page_id=64#breadcrumb\"},\"inLanguage\":\"fr-FR\",\"potentialAction\":[{\"@type\":\"ReadAction\",\"target\":[\"https:\\\/\\\/buron-la-gaielle.marclh.fr\\\/?page_id=64\"]}]},{\"@type\":\"ImageObject\",\"inLanguage\":\"fr-FR\",\"@id\":\"https:\\\/\\\/buron-la-gaielle.marclh.fr\\\/?page_id=64#primaryimage\",\"url\":\"https:\\\/\\\/marclh.fr\\\/buron-la-gaielle\\\/wp-content\\\/uploads\\\/2025\\\/09\\\/earth-1024x656.jpg\",\"contentUrl\":\"https:\\\/\\\/marclh.fr\\\/buron-la-gaielle\\\/wp-content\\\/uploads\\\/2025\\\/09\\\/earth-1024x656.jpg\"},{\"@type\":\"BreadcrumbList\",\"@id\":\"https:\\\/\\\/buron-la-gaielle.marclh.fr\\\/?page_id=64#breadcrumb\",\"itemListElement\":[{\"@type\":\"ListItem\",\"position\":1,\"name\":\"Accueil\",\"item\":\"https:\\\/\\\/buron-la-gaielle.marclh.fr\\\/\"},{\"@type\":\"ListItem\",\"position\":2,\"name\":\"Contact\"}]},{\"@type\":\"WebSite\",\"@id\":\"https:\\\/\\\/buron-la-gaielle.marclh.fr\\\/#website\",\"url\":\"https:\\\/\\\/buron-la-gaielle.marclh.fr\\\/\",\"name\":\"Buron de la Ga\u00efelle\",\"description\":\"Un h\u00e9bergement authentique au c\u0153ur du massif cantalien\",\"publisher\":{\"@id\":\"https:\\\/\\\/buron-la-gaielle.marclh.fr\\\/#organization\"},\"alternateName\":\"la gaielle collandres\",\"potentialAction\":[{\"@type\":\"SearchAction\",\"target\":{\"@type\":\"EntryPoint\",\"urlTemplate\":\"https:\\\/\\\/buron-la-gaielle.marclh.fr\\\/?s={search_term_string}\"},\"query-input\":{\"@type\":\"PropertyValueSpecification\",\"valueRequired\":true,\"valueName\":\"search_term_string\"}}],\"inLanguage\":\"fr-FR\"},{\"@type\":\"Organization\",\"@id\":\"https:\\\/\\\/buron-la-gaielle.marclh.fr\\\/#organization\",\"name\":\"Buron de la Ga\u00efelle\",\"alternateName\":\"la gaielle collandres\",\"url\":\"https:\\\/\\\/buron-la-gaielle.marclh.fr\\\/\",\"logo\":{\"@type\":\"ImageObject\",\"inLanguage\":\"fr-FR\",\"@id\":\"https:\\\/\\\/buron-la-gaielle.marclh.fr\\\/#\\\/schema\\\/logo\\\/image\\\/\",\"url\":\"https:\\\/\\\/buron-la-gaielle.marclh.fr\\\/wp-content\\\/uploads\\\/2025\\\/09\\\/DSC_2014-r2.jpg\",\"contentUrl\":\"https:\\\/\\\/buron-la-gaielle.marclh.fr\\\/wp-content\\\/uploads\\\/2025\\\/09\\\/DSC_2014-r2.jpg\",\"width\":2048,\"height\":1365,\"caption\":\"Buron de la Ga\u00efelle\"},\"image\":{\"@id\":\"https:\\\/\\\/buron-la-gaielle.marclh.fr\\\/#\\\/schema\\\/logo\\\/image\\\/\"}}]}<\/script>\n<!-- \/ Yoast SEO plugin. -->","yoast_head_json":{"title":"Contact - Buron de la Ga\u00efelle","robots":{"index":"index","follow":"follow","max-snippet":"max-snippet:-1","max-image-preview":"max-image-preview:large","max-video-preview":"max-video-preview:-1"},"canonical":"https:\/\/buron-la-gaielle.marclh.fr\/?page_id=64","og_locale":"fr_FR","og_type":"article","og_title":"Contact - Buron de la Ga\u00efelle","og_description":"Situ\u00e9 sur la commune de Collandres, \u00e0 environ 12 kms au sud de Riom-Es-Montagnes vous pouvez me contacter par mail : lagaielle.collandres@free.fr ou par t\u00e9l\u00e9phone au : 06 95 03 93 15 Plan d&rsquo;acc\u00e8s au buron par la route","og_url":"https:\/\/buron-la-gaielle.marclh.fr\/?page_id=64","og_site_name":"Buron de la Ga\u00efelle","article_modified_time":"2025-09-22T15:15:05+00:00","og_image":[{"url":"https:\/\/marclh.fr\/buron-la-gaielle\/wp-content\/uploads\/2025\/09\/earth-1024x656.jpg","type":"","width":"","height":""}],"twitter_card":"summary_large_image","schema":{"@context":"https:\/\/schema.org","@graph":[{"@type":"WebPage","@id":"https:\/\/buron-la-gaielle.marclh.fr\/?page_id=64","url":"https:\/\/buron-la-gaielle.marclh.fr\/?page_id=64","name":"Contact - Buron de la Ga\u00efelle","isPartOf":{"@id":"https:\/\/buron-la-gaielle.marclh.fr\/#website"},"primaryImageOfPage":{"@id":"https:\/\/buron-la-gaielle.marclh.fr\/?page_id=64#primaryimage"},"image":{"@id":"https:\/\/buron-la-gaielle.marclh.fr\/?page_id=64#primaryimage"},"thumbnailUrl":"https:\/\/marclh.fr\/buron-la-gaielle\/wp-content\/uploads\/2025\/09\/earth-1024x656.jpg","datePublished":"2025-09-22T14:21:56+00:00","dateModified":"2025-09-22T15:15:05+00:00","breadcrumb":{"@id":"https:\/\/buron-la-gaielle.marclh.fr\/?page_id=64#breadcrumb"},"inLanguage":"fr-FR","potentialAction":[{"@type":"ReadAction","target":["https:\/\/buron-la-gaielle.marclh.fr\/?page_id=64"]}]},{"@type":"ImageObject","inLanguage":"fr-FR","@id":"https:\/\/buron-la-gaielle.marclh.fr\/?page_id=64#primaryimage","url":"https:\/\/marclh.fr\/buron-la-gaielle\/wp-content\/uploads\/2025\/09\/earth-1024x656.jpg","contentUrl":"https:\/\/marclh.fr\/buron-la-gaielle\/wp-content\/uploads\/2025\/09\/earth-1024x656.jpg"},{"@type":"BreadcrumbList","@id":"https:\/\/buron-la-gaielle.marclh.fr\/?page_id=64#breadcrumb","itemListElement":[{"@type":"ListItem","position":1,"name":"Accueil","item":"https:\/\/buron-la-gaielle.marclh.fr\/"},{"@type":"ListItem","position":2,"name":"Contact"}]},{"@type":"WebSite","@id":"https:\/\/buron-la-gaielle.marclh.fr\/#website","url":"https:\/\/buron-la-gaielle.marclh.fr\/","name":"Buron de la Ga\u00efelle","description":"Un h\u00e9bergement authentique au c\u0153ur du massif cantalien","publisher":{"@id":"https:\/\/buron-la-gaielle.marclh.fr\/#organization"},"alternateName":"la gaielle collandres","potentialAction":[{"@type":"SearchAction","target":{"@type":"EntryPoint","urlTemplate":"https:\/\/buron-la-gaielle.marclh.fr\/?s={search_term_string}"},"query-input":{"@type":"PropertyValueSpecification","valueRequired":true,"valueName":"search_term_string"}}],"inLanguage":"fr-FR"},{"@type":"Organization","@id":"https:\/\/buron-la-gaielle.marclh.fr\/#organization","name":"Buron de la Ga\u00efelle","alternateName":"la gaielle collandres","url":"https:\/\/buron-la-gaielle.marclh.fr\/","logo":{"@type":"ImageObject","inLanguage":"fr-FR","@id":"https:\/\/buron-la-gaielle.marclh.fr\/#\/schema\/logo\/image\/","url":"https:\/\/buron-la-gaielle.marclh.fr\/wp-content\/uploads\/2025\/09\/DSC_2014-r2.jpg","contentUrl":"https:\/\/buron-la-gaielle.marclh.fr\/wp-content\/uploads\/2025\/09\/DSC_2014-r2.jpg","width":2048,"height":1365,"caption":"Buron de la Ga\u00efelle"},"image":{"@id":"https:\/\/buron-la-gaielle.marclh.fr\/#\/schema\/logo\/image\/"}}]}},"_links":{"self":[{"href":"https:\/\/buron-la-gaielle.marclh.fr\/index.php?rest_route=\/wp\/v2\/pages\/64","targetHints":{"allow":["GET"]}}],"collection":[{"href":"https:\/\/buron-la-gaielle.marclh.fr\/index.php?rest_route=\/wp\/v2\/pages"}],"about":[{"href":"https:\/\/buron-la-gaielle.marclh.fr\/index.php?rest_route=\/wp\/v2\/types\/page"}],"author":[{"embeddable":true,"href":"https:\/\/buron-la-gaielle.marclh.fr\/index.php?rest_route=\/wp\/v2\/users\/1"}],"replies":[{"embeddable":true,"href":"https:\/\/buron-la-gaielle.marclh.fr\/index.php?rest_route=%2Fwp%2Fv2%2Fcomments&post=64"}],"version-history":[{"count":6,"href":"https:\/\/buron-la-gaielle.marclh.fr\/index.php?rest_route=\/wp\/v2\/pages\/64\/revisions"}],"predecessor-version":[{"id":112,"href":"https:\/\/buron-la-gaielle.marclh.fr\/index.php?rest_route=\/wp\/v2\/pages\/64\/revisions\/112"}],"wp:attachment":[{"href":"https:\/\/buron-la-gaielle.marclh.fr\/index.php?rest_route=%2Fwp%2Fv2%2Fmedia&parent=64"}],"curies":[{"name":"wp","href":"https:\/\/api.w.org\/{rel}","templated":true}]}}