{"id":63,"date":"2025-09-22T16:21:55","date_gmt":"2025-09-22T14:21:55","guid":{"rendered":"https:\/\/marclh.fr\/buron-la-gaielle\/?page_id=63"},"modified":"2026-03-29T20:57:33","modified_gmt":"2026-03-29T18:57:33","slug":"a-propos-de","status":"publish","type":"page","link":"https:\/\/buron-la-gaielle.marclh.fr\/?page_id=63","title":{"rendered":"\u00c0 propos de"},"content":{"rendered":"\n<p class=\"has-medium-font-size\">Apr\u00e8s trois ann\u00e9es de travail de r\u00e9novation, Denis Brugi\u00e8re, retrait\u00e9 agricole et natif de la r\u00e9gion, sera heureux de pouvoir vous recevoir et de vous faire profiter de ce charmant buron au fond de la vall\u00e9e du Marinet. Dans un cadre naturel il vous permettra de profiter pleinement d&rsquo;un environnement proche de la nature.<\/p>\n\n\n\n<p><\/p>\n\n\n\n<h2 class=\"wp-block-heading\">Pour randonneurs et amoureux de lieux insolites, Denis vous propose plusieurs formules :<br><br>1 &#8211;<strong>Location du buron,<\/strong> dortoir 10 couchages, draps fournis, cuisine \u00e9quip\u00e9e. Le buron est autonome en \u00e9lectricit\u00e9 : tarif 500 \u20ac le week-end ( 2 nuit\u00e9es)<br><br>2 &#8211; <strong>Nuit\u00e9e<\/strong> <strong>seule<\/strong>,  45 euros par personne, draps fournis.<br> <strong>Petit d\u00e9jeuner <\/strong>6 \u20ac par personne, sur r\u00e9servation.<br> <strong>Repas<\/strong> <strong>complet<\/strong>, produit r\u00e9gionaux, midi ou soir sur r\u00e9servation 22 \u20ac.<br> <strong>Panier repas <\/strong>pour randonneur 10 \u20ac sur r\u00e9servation.<\/h2>\n\n\n\n<p><\/p>\n","protected":false},"excerpt":{"rendered":"<p>Apr\u00e8s trois ann\u00e9es de travail de r\u00e9novation, Denis Brugi\u00e8re, retrait\u00e9 agricole et natif de la r\u00e9gion, sera heureux de pouvoir vous recevoir et de vous faire profiter de ce charmant buron au fond de la vall\u00e9e du Marinet. Dans un cadre naturel il vous permettra de profiter pleinement d&rsquo;un environnement proche de la nature. Pour &hellip; <\/p>\n<p class=\"link-more\"><a href=\"https:\/\/buron-la-gaielle.marclh.fr\/?page_id=63\" class=\"more-link\">Continuer la lecture<span class=\"screen-reader-text\"> de &laquo;&nbsp;\u00c0 propos de&nbsp;&raquo;<\/span><\/a><\/p>\n","protected":false},"author":1,"featured_media":0,"parent":0,"menu_order":0,"comment_status":"closed","ping_status":"closed","template":"","meta":{"footnotes":""},"class_list":["post-63","page","type-page","status-publish","hentry"],"yoast_head":"<!-- This site is optimized with the Yoast SEO plugin v27.4 - https:\/\/yoast.com\/product\/yoast-seo-wordpress\/ -->\n<title>\u00c0 propos de - Buron de la Ga\u00efelle<\/title>\n<meta name=\"robots\" content=\"index, follow, max-snippet:-1, max-image-preview:large, max-video-preview:-1\" \/>\n<link rel=\"canonical\" href=\"https:\/\/buron-la-gaielle.marclh.fr\/?page_id=63\" \/>\n<meta property=\"og:locale\" content=\"fr_FR\" \/>\n<meta property=\"og:type\" content=\"article\" \/>\n<meta property=\"og:title\" content=\"\u00c0 propos de - Buron de la Ga\u00efelle\" \/>\n<meta property=\"og:description\" content=\"Apr\u00e8s trois ann\u00e9es de travail de r\u00e9novation, Denis Brugi\u00e8re, retrait\u00e9 agricole et natif de la r\u00e9gion, sera heureux de pouvoir vous recevoir et de vous faire profiter de ce charmant buron au fond de la vall\u00e9e du Marinet. Dans un cadre naturel il vous permettra de profiter pleinement d&rsquo;un environnement proche de la nature. Pour &hellip; Continuer la lecture de &laquo;&nbsp;\u00c0 propos de&nbsp;&raquo;\" \/>\n<meta property=\"og:url\" content=\"https:\/\/buron-la-gaielle.marclh.fr\/?page_id=63\" \/>\n<meta property=\"og:site_name\" content=\"Buron de la Ga\u00efelle\" \/>\n<meta property=\"article:modified_time\" content=\"2026-03-29T18:57:33+00:00\" \/>\n<meta property=\"og:image\" content=\"https:\/\/buron-la-gaielle.marclh.fr\/wp-content\/uploads\/2025\/09\/DSC_2014-r2.jpg\" \/>\n\t<meta property=\"og:image:width\" content=\"2048\" \/>\n\t<meta property=\"og:image:height\" content=\"1365\" \/>\n\t<meta property=\"og:image:type\" content=\"image\/jpeg\" \/>\n<meta name=\"twitter:card\" content=\"summary_large_image\" \/>\n<meta name=\"twitter:label1\" content=\"Dur\u00e9e de lecture estim\u00e9e\" \/>\n\t<meta name=\"twitter:data1\" content=\"1 minute\" \/>\n<script type=\"application\/ld+json\" class=\"yoast-schema-graph\">{\"@context\":\"https:\\\/\\\/schema.org\",\"@graph\":[{\"@type\":\"WebPage\",\"@id\":\"https:\\\/\\\/buron-la-gaielle.marclh.fr\\\/?page_id=63\",\"url\":\"https:\\\/\\\/buron-la-gaielle.marclh.fr\\\/?page_id=63\",\"name\":\"\u00c0 propos de - Buron de la Ga\u00efelle\",\"isPartOf\":{\"@id\":\"https:\\\/\\\/buron-la-gaielle.marclh.fr\\\/#website\"},\"datePublished\":\"2025-09-22T14:21:55+00:00\",\"dateModified\":\"2026-03-29T18:57:33+00:00\",\"breadcrumb\":{\"@id\":\"https:\\\/\\\/buron-la-gaielle.marclh.fr\\\/?page_id=63#breadcrumb\"},\"inLanguage\":\"fr-FR\",\"potentialAction\":[{\"@type\":\"ReadAction\",\"target\":[\"https:\\\/\\\/buron-la-gaielle.marclh.fr\\\/?page_id=63\"]}]},{\"@type\":\"BreadcrumbList\",\"@id\":\"https:\\\/\\\/buron-la-gaielle.marclh.fr\\\/?page_id=63#breadcrumb\",\"itemListElement\":[{\"@type\":\"ListItem\",\"position\":1,\"name\":\"Accueil\",\"item\":\"https:\\\/\\\/buron-la-gaielle.marclh.fr\\\/\"},{\"@type\":\"ListItem\",\"position\":2,\"name\":\"\u00c0 propos de\"}]},{\"@type\":\"WebSite\",\"@id\":\"https:\\\/\\\/buron-la-gaielle.marclh.fr\\\/#website\",\"url\":\"https:\\\/\\\/buron-la-gaielle.marclh.fr\\\/\",\"name\":\"Buron de la Ga\u00efelle\",\"description\":\"Un h\u00e9bergement authentique au c\u0153ur du massif cantalien\",\"publisher\":{\"@id\":\"https:\\\/\\\/buron-la-gaielle.marclh.fr\\\/#organization\"},\"alternateName\":\"la gaielle collandres\",\"potentialAction\":[{\"@type\":\"SearchAction\",\"target\":{\"@type\":\"EntryPoint\",\"urlTemplate\":\"https:\\\/\\\/buron-la-gaielle.marclh.fr\\\/?s={search_term_string}\"},\"query-input\":{\"@type\":\"PropertyValueSpecification\",\"valueRequired\":true,\"valueName\":\"search_term_string\"}}],\"inLanguage\":\"fr-FR\"},{\"@type\":\"Organization\",\"@id\":\"https:\\\/\\\/buron-la-gaielle.marclh.fr\\\/#organization\",\"name\":\"Buron de la Ga\u00efelle\",\"alternateName\":\"la gaielle collandres\",\"url\":\"https:\\\/\\\/buron-la-gaielle.marclh.fr\\\/\",\"logo\":{\"@type\":\"ImageObject\",\"inLanguage\":\"fr-FR\",\"@id\":\"https:\\\/\\\/buron-la-gaielle.marclh.fr\\\/#\\\/schema\\\/logo\\\/image\\\/\",\"url\":\"https:\\\/\\\/buron-la-gaielle.marclh.fr\\\/wp-content\\\/uploads\\\/2025\\\/09\\\/DSC_2014-r2.jpg\",\"contentUrl\":\"https:\\\/\\\/buron-la-gaielle.marclh.fr\\\/wp-content\\\/uploads\\\/2025\\\/09\\\/DSC_2014-r2.jpg\",\"width\":2048,\"height\":1365,\"caption\":\"Buron de la Ga\u00efelle\"},\"image\":{\"@id\":\"https:\\\/\\\/buron-la-gaielle.marclh.fr\\\/#\\\/schema\\\/logo\\\/image\\\/\"}}]}<\/script>\n<!-- \/ Yoast SEO plugin. -->","yoast_head_json":{"title":"\u00c0 propos de - Buron de la Ga\u00efelle","robots":{"index":"index","follow":"follow","max-snippet":"max-snippet:-1","max-image-preview":"max-image-preview:large","max-video-preview":"max-video-preview:-1"},"canonical":"https:\/\/buron-la-gaielle.marclh.fr\/?page_id=63","og_locale":"fr_FR","og_type":"article","og_title":"\u00c0 propos de - Buron de la Ga\u00efelle","og_description":"Apr\u00e8s trois ann\u00e9es de travail de r\u00e9novation, Denis Brugi\u00e8re, retrait\u00e9 agricole et natif de la r\u00e9gion, sera heureux de pouvoir vous recevoir et de vous faire profiter de ce charmant buron au fond de la vall\u00e9e du Marinet. Dans un cadre naturel il vous permettra de profiter pleinement d&rsquo;un environnement proche de la nature. Pour &hellip; Continuer la lecture de &laquo;&nbsp;\u00c0 propos de&nbsp;&raquo;","og_url":"https:\/\/buron-la-gaielle.marclh.fr\/?page_id=63","og_site_name":"Buron de la Ga\u00efelle","article_modified_time":"2026-03-29T18:57:33+00:00","og_image":[{"width":2048,"height":1365,"url":"https:\/\/buron-la-gaielle.marclh.fr\/wp-content\/uploads\/2025\/09\/DSC_2014-r2.jpg","type":"image\/jpeg"}],"twitter_card":"summary_large_image","twitter_misc":{"Dur\u00e9e de lecture estim\u00e9e":"1 minute"},"schema":{"@context":"https:\/\/schema.org","@graph":[{"@type":"WebPage","@id":"https:\/\/buron-la-gaielle.marclh.fr\/?page_id=63","url":"https:\/\/buron-la-gaielle.marclh.fr\/?page_id=63","name":"\u00c0 propos de - Buron de la Ga\u00efelle","isPartOf":{"@id":"https:\/\/buron-la-gaielle.marclh.fr\/#website"},"datePublished":"2025-09-22T14:21:55+00:00","dateModified":"2026-03-29T18:57:33+00:00","breadcrumb":{"@id":"https:\/\/buron-la-gaielle.marclh.fr\/?page_id=63#breadcrumb"},"inLanguage":"fr-FR","potentialAction":[{"@type":"ReadAction","target":["https:\/\/buron-la-gaielle.marclh.fr\/?page_id=63"]}]},{"@type":"BreadcrumbList","@id":"https:\/\/buron-la-gaielle.marclh.fr\/?page_id=63#breadcrumb","itemListElement":[{"@type":"ListItem","position":1,"name":"Accueil","item":"https:\/\/buron-la-gaielle.marclh.fr\/"},{"@type":"ListItem","position":2,"name":"\u00c0 propos de"}]},{"@type":"WebSite","@id":"https:\/\/buron-la-gaielle.marclh.fr\/#website","url":"https:\/\/buron-la-gaielle.marclh.fr\/","name":"Buron de la Ga\u00efelle","description":"Un h\u00e9bergement authentique au c\u0153ur du massif cantalien","publisher":{"@id":"https:\/\/buron-la-gaielle.marclh.fr\/#organization"},"alternateName":"la gaielle collandres","potentialAction":[{"@type":"SearchAction","target":{"@type":"EntryPoint","urlTemplate":"https:\/\/buron-la-gaielle.marclh.fr\/?s={search_term_string}"},"query-input":{"@type":"PropertyValueSpecification","valueRequired":true,"valueName":"search_term_string"}}],"inLanguage":"fr-FR"},{"@type":"Organization","@id":"https:\/\/buron-la-gaielle.marclh.fr\/#organization","name":"Buron de la Ga\u00efelle","alternateName":"la gaielle collandres","url":"https:\/\/buron-la-gaielle.marclh.fr\/","logo":{"@type":"ImageObject","inLanguage":"fr-FR","@id":"https:\/\/buron-la-gaielle.marclh.fr\/#\/schema\/logo\/image\/","url":"https:\/\/buron-la-gaielle.marclh.fr\/wp-content\/uploads\/2025\/09\/DSC_2014-r2.jpg","contentUrl":"https:\/\/buron-la-gaielle.marclh.fr\/wp-content\/uploads\/2025\/09\/DSC_2014-r2.jpg","width":2048,"height":1365,"caption":"Buron de la Ga\u00efelle"},"image":{"@id":"https:\/\/buron-la-gaielle.marclh.fr\/#\/schema\/logo\/image\/"}}]}},"_links":{"self":[{"href":"https:\/\/buron-la-gaielle.marclh.fr\/index.php?rest_route=\/wp\/v2\/pages\/63","targetHints":{"allow":["GET"]}}],"collection":[{"href":"https:\/\/buron-la-gaielle.marclh.fr\/index.php?rest_route=\/wp\/v2\/pages"}],"about":[{"href":"https:\/\/buron-la-gaielle.marclh.fr\/index.php?rest_route=\/wp\/v2\/types\/page"}],"author":[{"embeddable":true,"href":"https:\/\/buron-la-gaielle.marclh.fr\/index.php?rest_route=\/wp\/v2\/users\/1"}],"replies":[{"embeddable":true,"href":"https:\/\/buron-la-gaielle.marclh.fr\/index.php?rest_route=%2Fwp%2Fv2%2Fcomments&post=63"}],"version-history":[{"count":4,"href":"https:\/\/buron-la-gaielle.marclh.fr\/index.php?rest_route=\/wp\/v2\/pages\/63\/revisions"}],"predecessor-version":[{"id":181,"href":"https:\/\/buron-la-gaielle.marclh.fr\/index.php?rest_route=\/wp\/v2\/pages\/63\/revisions\/181"}],"wp:attachment":[{"href":"https:\/\/buron-la-gaielle.marclh.fr\/index.php?rest_route=%2Fwp%2Fv2%2Fmedia&parent=63"}],"curies":[{"name":"wp","href":"https:\/\/api.w.org\/{rel}","templated":true}]}}